{"id":1755,"date":"2022-09-08T20:31:18","date_gmt":"2022-09-08T18:31:18","guid":{"rendered":"http:\/\/asso-israa.fr\/maquettes\/mqtA\/?page_id=1755"},"modified":"2022-11-26T14:59:31","modified_gmt":"2022-11-26T13:59:31","slug":"notre-projet-associatif-2020-2025","status":"publish","type":"page","link":"https:\/\/asso-israa.fr\/maquettes\/mqtE\/lassociation-israa\/notre-projet-associatif-2020-2025\/","title":{"rendered":"Notre projet associatif (2020-2025)"},"content":{"rendered":"<h2>Projet associatif I.S.R.A.A (2020-2025) :<\/h2>\n<ul>\n<li>\n<h3><a href=\"https:\/\/asso-israa.fr\/maquettes\/mqtE\/developper-lhabitat-inclusif-pour-adultes-avec-autisme-habited\/\">D\u00e9velopper l\u2019habitat inclusif pour adultes avec autisme\u00a0: HabiTED<\/a><\/h3>\n<\/li>\n<li>\n<h3><a href=\"https:\/\/asso-israa.fr\/maquettes\/mqtE\/adapter-laccompagnement-a-domicile-pour-une-reponse-pertinente-teddom\/\">Adapter l\u2019accompagnement \u00e0 domicile pour une r\u00e9ponse pertinente\u00a0: Ted@Dom<\/a><\/h3>\n<\/li>\n<li>\n<h3><a href=\"https:\/\/asso-israa.fr\/maquettes\/mqtE\/soutenir-lacces-a-lemploi-pour-mieux-favoriser-linclusion-sociale\/\">Soutenir l\u2019acc\u00e8s \u00e0 l\u2019emploi pour mieux favoriser l\u2019inclusion sociale<\/a><\/h3>\n<\/li>\n<li>\n<h3><a href=\"https:\/\/asso-israa.fr\/maquettes\/mqtE\/favoriser-lacces-au-numerique\/\">Favoriser l\u2019acc\u00e8s au num\u00e9rique<\/a><\/h3>\n<\/li>\n<li>\n<h3><a href=\"https:\/\/asso-israa.fr\/maquettes\/mqtE\/creer-des-moments-decoute-active-dechanges-et-de-partages-dexperience\/\">Cr\u00e9er des moments d\u2019\u00e9coute active, d\u2019\u00e9changes et de partages d\u2019exp\u00e9rience<\/a><\/h3>\n<\/li>\n<\/ul>\n<p><code><div class=\"_df_book df-lite\" id=\"df_2197\"  _slug=\"projet-habited\" data-title=\"projet-habited\" wpoptions=\"true\" thumbtype=\"\" ><\/div><script class=\"df-shortcode-script\" nowprocket type=\"application\/javascript\">window.option_df_2197 = {\"outline\":[],\"height\":\"auto\",\"autoEnableOutline\":\"false\",\"autoEnableThumbnail\":\"false\",\"overwritePDFOutline\":\"false\",\"direction\":\"1\",\"pageSize\":\"0\",\"source\":\"https:\\\/\\\/asso-israa.fr\\\/maquettes\\\/mqtE\\\/wp-content\\\/uploads\\\/2022\\\/11\\\/Projet-associatif-ISRAA-2020-2025-Habited.pdf\",\"wpOptions\":\"true\"}; if(window.DFLIP && window.DFLIP.parseBooks){window.DFLIP.parseBooks();}<\/script><\/code><\/p>\n<p><code><div class=\"_df_book df-lite\" id=\"df_2195\"  _slug=\"projet-teldom\" data-title=\"projet-teldom\" wpoptions=\"true\" thumbtype=\"\" ><\/div><script class=\"df-shortcode-script\" nowprocket type=\"application\/javascript\">window.option_df_2195 = {\"outline\":[],\"autoEnableOutline\":\"false\",\"autoEnableThumbnail\":\"false\",\"overwritePDFOutline\":\"false\",\"direction\":\"1\",\"pageSize\":\"0\",\"source\":\"https:\\\/\\\/asso-israa.fr\\\/maquettes\\\/mqtE\\\/wp-content\\\/uploads\\\/2022\\\/11\\\/Projet-associatif-ISRAA-2020-2025-TelDom.pdf\",\"wpOptions\":\"true\"}; if(window.DFLIP && window.DFLIP.parseBooks){window.DFLIP.parseBooks();}<\/script><\/code><\/p>\n<p><code><div class=\"_df_book df-lite\" id=\"df_2193\"  _slug=\"projet-emploi\" data-title=\"projet-emploi\" wpoptions=\"true\" thumbtype=\"\" ><\/div><script class=\"df-shortcode-script\" nowprocket type=\"application\/javascript\">window.option_df_2193 = {\"outline\":[],\"height\":\"auto\",\"autoEnableOutline\":\"false\",\"autoEnableThumbnail\":\"false\",\"overwritePDFOutline\":\"false\",\"direction\":\"1\",\"pageSize\":\"1\",\"source\":\"https:\\\/\\\/asso-israa.fr\\\/maquettes\\\/mqtE\\\/wp-content\\\/uploads\\\/2022\\\/11\\\/Projet-associatif-ISRAA-2020-2025-Emploi.pdf\",\"wpOptions\":\"true\"}; if(window.DFLIP && window.DFLIP.parseBooks){window.DFLIP.parseBooks();}<\/script><\/code><\/p>\n<p><code><div class=\"_df_book df-lite\" id=\"df_2191\"  _slug=\"projet-numerique\" data-title=\"projet-numerique\" wpoptions=\"true\" thumbtype=\"\" ><\/div><script class=\"df-shortcode-script\" nowprocket type=\"application\/javascript\">window.option_df_2191 = {\"outline\":[],\"autoEnableOutline\":\"false\",\"autoEnableThumbnail\":\"false\",\"overwritePDFOutline\":\"false\",\"direction\":\"1\",\"pageSize\":\"0\",\"source\":\"https:\\\/\\\/asso-israa.fr\\\/maquettes\\\/mqtE\\\/wp-content\\\/uploads\\\/2022\\\/11\\\/Projet-associatif-ISRAA-2020-2025-Numerique.pdf\",\"wpOptions\":\"true\"}; if(window.DFLIP && window.DFLIP.parseBooks){window.DFLIP.parseBooks();}<\/script><\/code><\/p>\n<p><code><div class=\"_df_book df-lite\" id=\"df_2189\"  _slug=\"projet-partage\" data-title=\"projet-partage\" wpoptions=\"true\" thumbtype=\"\" ><\/div><script class=\"df-shortcode-script\" nowprocket type=\"application\/javascript\">window.option_df_2189 = {\"outline\":[],\"autoEnableOutline\":\"false\",\"autoEnableThumbnail\":\"false\",\"overwritePDFOutline\":\"false\",\"direction\":\"1\",\"pageSize\":\"0\",\"source\":\"https:\\\/\\\/asso-israa.fr\\\/maquettes\\\/mqtE\\\/wp-content\\\/uploads\\\/2022\\\/11\\\/Projet-associatif-ISRAA-2020-2025-Partage.pdf\",\"wpOptions\":\"true\"}; if(window.DFLIP && window.DFLIP.parseBooks){window.DFLIP.parseBooks();}<\/script><\/code><\/p>\n<p>&nbsp;<\/p>\n<h2>CONCLUSION<\/h2>\n<p>Ces 5 axes, pr\u00e9sent\u00e9s par commodit\u00e9 de fa\u00e7on s\u00e9quentielle dans ce document, devront bien s\u00fbr se croiser dans leur mise en \u0153uvre, se renforcer, s\u2019outiller, se dynamiser mutuellement.<br \/>\nL\u2019association veille et veillera constamment \u00e0 la coordination des actions, de quelqu\u2019axe dont elles rel\u00e8vent.<br \/>\nPour exemples\u00a0:<br \/>\nGr\u00e2ce \u00e0 l\u2019accompagnement au quotidien, la connaissance des diff\u00e9rents profils contribuera \u00e0 mesurer les potentiels d\u2019autonomie, donc, \u00e0 optimiser la conception des habitats dans leur diversit\u00e9<br \/>\nCet accompagnement attentionn\u00e9 pourra \u00e9galement aboutir \u00e0 une mise en phase entre des comp\u00e9tences professionnelles et certains besoins en ressources au niveau de l\u2019entreprise.<br \/>\nLa d\u00e9termination des besoins en ressource de l\u2019entreprise pourra permettre un repositionnement professionnel pour les b\u00e9n\u00e9ficiaires concern\u00e9s<br \/>\nL\u2019appropriation du num\u00e9rique favorisera les \u00e9changes,<br \/>\nDe m\u00eame, le partage d\u2019exp\u00e9rience entre pair dans l\u2019accompagnement des parcours de vie facilitera notre projection dans l\u2019avenir<\/p>\n<p><strong><em>ISRAA doit rester capable de s&rsquo;adapter constamment au monde qui l&rsquo;entoure pour continuer \u00e0 servir fid\u00e8lement ses valeurs fondatrices.<\/em><\/strong><br \/>\n<strong><em>La coh\u00e9rence des actions particuli\u00e8res au service d\u2019une efficacit\u00e9 globale et collective doit \u00eatre le souci de tous les intervenants, salari\u00e9s ou b\u00e9n\u00e9voles, sous la responsabilit\u00e9 du pr\u00e9sident, des administrateurs et du charg\u00e9 de mission de l\u2019association.<\/em><\/strong><\/p>\n<p>&nbsp;<\/p>\n<p>&nbsp;<\/p>\n<p>&nbsp;<\/p>\n<p>+++++++++++++++++++++++++++++++++++<\/p>\n<p>&nbsp;<\/p>\n<h2>Projet associatif I.S.R.A.A (2016-2020) :<\/h2>\n<p><span style=\"text-decoration: underline;\"><span style=\"color: #000000; text-decoration: underline;\"><strong>Trois axes prioritaires<\/strong><\/span><\/span><span style=\"color: #000000;\">:\u00a0<\/span><\/p>\n<ul>\n<li style=\"text-align: justify;\"><strong><span style=\"color: #3366ff;\">Conforter et s&rsquo;assurer de la p\u00e9rennisation du site de Roncq en mati\u00e8re d&rsquo;habitat et de vie quotidienne pour les 10 locataires d&rsquo;habiTED<\/span><\/strong> : d\u00e9velopper les outils d&rsquo;accompagnement, les strat\u00e9gies \u00e9ducatives pour en faire une \u00ab\u00a0\u00e9cole de l&rsquo;autonomie\u00a0\u00bb susceptible d&rsquo;\u00eatre dupliqu\u00e9e sur d&rsquo;autres sites, faciliter l&rsquo;acc\u00e8s aux loisirs et \u00e0 la vie sociale, favoriser l&rsquo;insertion professionnelle sur leur bassin de vie, accueillir les familles pour les soutenir dans ce processus d&rsquo;autonomie ;<\/li>\n<\/ul>\n<ul>\n<li style=\"text-align: justify;\"><strong><span style=\"color: #3366ff;\">D\u00e9velopper le dispositif sur l&rsquo;agglom\u00e9ration lilloise dans une logique de parcours<\/span><\/strong>, afin de r\u00e9pondre aux demandes en attente, de proposer une offre diversifi\u00e9e, d&rsquo;adapter l&rsquo;offre aux diff\u00e9rents profils, de cr\u00e9er du flux, de mettre en place une logique de parcours en lien avec les autres associations et \u00e9viter ainsi les ruptures ;<\/li>\n<\/ul>\n<ul>\n<li style=\"text-align: justify;\"><strong><span style=\"color: #3366ff;\">Soutenir la mise en place et le d\u00e9veloppement de dispositifs similaires sur le territoire national<\/span> <\/strong>pour s&rsquo;assurer que les projets propos\u00e9s soient respectueux des int\u00e9r\u00eats et des profils des adultes avec autismes. L&rsquo;expertise d\u00e9velopp\u00e9e sur le site de Roncq pourra ainsi profiter aux autres partenaires int\u00e9ress\u00e9s.<\/li>\n<\/ul>\n","protected":false},"excerpt":{"rendered":"<p>Projet associatif I.S.R.A.A (2020-2025) : D\u00e9velopper l\u2019habitat inclusif pour adultes avec autisme\u00a0: HabiTED Adapter l\u2019accompagnement \u00e0 domicile pour une r\u00e9ponse pertinente\u00a0: Ted@Dom Soutenir l\u2019acc\u00e8s \u00e0 l\u2019emploi pour mieux favoriser l\u2019inclusion sociale Favoriser l\u2019acc\u00e8s au num\u00e9rique Cr\u00e9er des moments d\u2019\u00e9coute active, d\u2019\u00e9changes et de partages d\u2019exp\u00e9rience &nbsp; CONCLUSION Ces 5 axes, pr\u00e9sent\u00e9s par commodit\u00e9 de fa\u00e7on&hellip; <br \/> <a class=\"read-more\" href=\"https:\/\/asso-israa.fr\/maquettes\/mqtE\/lassociation-israa\/notre-projet-associatif-2020-2025\/\">Lire la suite<\/a><\/p>\n","protected":false},"author":1,"featured_media":0,"parent":1478,"menu_order":0,"comment_status":"closed","ping_status":"closed","template":"page-templates\/page-with-right-sidebar.php","meta":{"_lmt_disableupdate":"no","_lmt_disable":"","footnotes":""},"categories":[49],"tags":[],"class_list":["post-1755","page","type-page","status-publish","hentry","category-projets"],"_links":{"self":[{"href":"https:\/\/asso-israa.fr\/maquettes\/mqtE\/wp-json\/wp\/v2\/pages\/1755","targetHints":{"allow":["GET"]}}],"collection":[{"href":"https:\/\/asso-israa.fr\/maquettes\/mqtE\/wp-json\/wp\/v2\/pages"}],"about":[{"href":"https:\/\/asso-israa.fr\/maquettes\/mqtE\/wp-json\/wp\/v2\/types\/page"}],"author":[{"embeddable":true,"href":"https:\/\/asso-israa.fr\/maquettes\/mqtE\/wp-json\/wp\/v2\/users\/1"}],"replies":[{"embeddable":true,"href":"https:\/\/asso-israa.fr\/maquettes\/mqtE\/wp-json\/wp\/v2\/comments?post=1755"}],"version-history":[{"count":0,"href":"https:\/\/asso-israa.fr\/maquettes\/mqtE\/wp-json\/wp\/v2\/pages\/1755\/revisions"}],"up":[{"embeddable":true,"href":"https:\/\/asso-israa.fr\/maquettes\/mqtE\/wp-json\/wp\/v2\/pages\/1478"}],"wp:attachment":[{"href":"https:\/\/asso-israa.fr\/maquettes\/mqtE\/wp-json\/wp\/v2\/media?parent=1755"}],"wp:term":[{"taxonomy":"category","embeddable":true,"href":"https:\/\/asso-israa.fr\/maquettes\/mqtE\/wp-json\/wp\/v2\/categories?post=1755"},{"taxonomy":"post_tag","embeddable":true,"href":"https:\/\/asso-israa.fr\/maquettes\/mqtE\/wp-json\/wp\/v2\/tags?post=1755"}],"curies":[{"name":"wp","href":"https:\/\/api.w.org\/{rel}","templated":true}]}}

<h2>Projet associatif I.S.R.A.A (2020-2025) :</h2>
<ul>
<li>
<h3><a href="https://asso-israa.fr/maquettes/mqtE/developper-lhabitat-inclusif-pour-adultes-avec-autisme-habited/">Développer l’habitat inclusif pour adultes avec autisme : HabiTED</a></h3>
</li>
<li>
<h3><a href="https://asso-israa.fr/maquettes/mqtE/adapter-laccompagnement-a-domicile-pour-une-reponse-pertinente-teddom/">Adapter l’accompagnement à domicile pour une réponse pertinente : Ted@Dom</a></h3>
</li>
<li>
<h3><a href="https://asso-israa.fr/maquettes/mqtE/soutenir-lacces-a-lemploi-pour-mieux-favoriser-linclusion-sociale/">Soutenir l’accès à l’emploi pour mieux favoriser l’inclusion sociale</a></h3>
</li>
<li>
<h3><a href="https://asso-israa.fr/maquettes/mqtE/favoriser-lacces-au-numerique/">Favoriser l’accès au numérique</a></h3>
</li>
<li>
<h3><a href="https://asso-israa.fr/maquettes/mqtE/creer-des-moments-decoute-active-dechanges-et-de-partages-dexperience/">Créer des moments d’écoute active, d’échanges et de partages d’expérience</a></h3>
</li>
</ul>
<p><code><div class="_df_book df-lite" id="df_2197"  _slug="projet-habited" data-title="projet-habited" wpoptions="true" thumbtype="" ></div><script class="df-shortcode-script" nowprocket type="application/javascript">window.option_df_2197 = {"outline":[],"height":"auto","autoEnableOutline":"false","autoEnableThumbnail":"false","overwritePDFOutline":"false","direction":"1","pageSize":"0","source":"https:\/\/asso-israa.fr\/maquettes\/mqtE\/wp-content\/uploads\/2022\/11\/Projet-associatif-ISRAA-2020-2025-Habited.pdf","wpOptions":"true"}; if(window.DFLIP && window.DFLIP.parseBooks){window.DFLIP.parseBooks();}</script></code></p>
<p><code><div class="_df_book df-lite" id="df_2195"  _slug="projet-teldom" data-title="projet-teldom" wpoptions="true" thumbtype="" ></div><script class="df-shortcode-script" nowprocket type="application/javascript">window.option_df_2195 = {"outline":[],"autoEnableOutline":"false","autoEnableThumbnail":"false","overwritePDFOutline":"false","direction":"1","pageSize":"0","source":"https:\/\/asso-israa.fr\/maquettes\/mqtE\/wp-content\/uploads\/2022\/11\/Projet-associatif-ISRAA-2020-2025-TelDom.pdf","wpOptions":"true"}; if(window.DFLIP && window.DFLIP.parseBooks){window.DFLIP.parseBooks();}</script></code></p>
<p><code><div class="_df_book df-lite" id="df_2193"  _slug="projet-emploi" data-title="projet-emploi" wpoptions="true" thumbtype="" ></div><script class="df-shortcode-script" nowprocket type="application/javascript">window.option_df_2193 = {"outline":[],"height":"auto","autoEnableOutline":"false","autoEnableThumbnail":"false","overwritePDFOutline":"false","direction":"1","pageSize":"1","source":"https:\/\/asso-israa.fr\/maquettes\/mqtE\/wp-content\/uploads\/2022\/11\/Projet-associatif-ISRAA-2020-2025-Emploi.pdf","wpOptions":"true"}; if(window.DFLIP && window.DFLIP.parseBooks){window.DFLIP.parseBooks();}</script></code></p>
<p><code><div class="_df_book df-lite" id="df_2191"  _slug="projet-numerique" data-title="projet-numerique" wpoptions="true" thumbtype="" ></div><script class="df-shortcode-script" nowprocket type="application/javascript">window.option_df_2191 = {"outline":[],"autoEnableOutline":"false","autoEnableThumbnail":"false","overwritePDFOutline":"false","direction":"1","pageSize":"0","source":"https:\/\/asso-israa.fr\/maquettes\/mqtE\/wp-content\/uploads\/2022\/11\/Projet-associatif-ISRAA-2020-2025-Numerique.pdf","wpOptions":"true"}; if(window.DFLIP && window.DFLIP.parseBooks){window.DFLIP.parseBooks();}</script></code></p>
<p><code><div class="_df_book df-lite" id="df_2189"  _slug="projet-partage" data-title="projet-partage" wpoptions="true" thumbtype="" ></div><script class="df-shortcode-script" nowprocket type="application/javascript">window.option_df_2189 = {"outline":[],"autoEnableOutline":"false","autoEnableThumbnail":"false","overwritePDFOutline":"false","direction":"1","pageSize":"0","source":"https:\/\/asso-israa.fr\/maquettes\/mqtE\/wp-content\/uploads\/2022\/11\/Projet-associatif-ISRAA-2020-2025-Partage.pdf","wpOptions":"true"}; if(window.DFLIP && window.DFLIP.parseBooks){window.DFLIP.parseBooks();}</script></code></p>
<p>&nbsp;</p>
<h2>CONCLUSION</h2>
<p>Ces 5 axes, présentés par commodité de façon séquentielle dans ce document, devront bien sûr se croiser dans leur mise en œuvre, se renforcer, s’outiller, se dynamiser mutuellement.<br />
L’association veille et veillera constamment à la coordination des actions, de quelqu’axe dont elles relèvent.<br />
Pour exemples :<br />
Grâce à l’accompagnement au quotidien, la connaissance des différents profils contribuera à mesurer les potentiels d’autonomie, donc, à optimiser la conception des habitats dans leur diversité<br />
Cet accompagnement attentionné pourra également aboutir à une mise en phase entre des compétences professionnelles et certains besoins en ressources au niveau de l’entreprise.<br />
La détermination des besoins en ressource de l’entreprise pourra permettre un repositionnement professionnel pour les bénéficiaires concernés<br />
L’appropriation du numérique favorisera les échanges,<br />
De même, le partage d’expérience entre pair dans l’accompagnement des parcours de vie facilitera notre projection dans l’avenir</p>
<p><strong><em>ISRAA doit rester capable de s&rsquo;adapter constamment au monde qui l&rsquo;entoure pour continuer à servir fidèlement ses valeurs fondatrices.</em></strong><br />
<strong><em>La cohérence des actions particulières au service d’une efficacité globale et collective doit être le souci de tous les intervenants, salariés ou bénévoles, sous la responsabilité du président, des administrateurs et du chargé de mission de l’association.</em></strong></p>
<p>&nbsp;</p>
<p>&nbsp;</p>
<p>&nbsp;</p>
<p>+++++++++++++++++++++++++++++++++++</p>
<p>&nbsp;</p>
<h2>Projet associatif I.S.R.A.A (2016-2020) :</h2>
<p><span style="text-decoration: underline;"><span style="color: #000000; text-decoration: underline;"><strong>Trois axes prioritaires</strong></span></span><span style="color: #000000;">: </span></p>
<ul>
<li style="text-align: justify;"><strong><span style="color: #3366ff;">Conforter et s&rsquo;assurer de la pérennisation du site de Roncq en matière d&rsquo;habitat et de vie quotidienne pour les 10 locataires d&rsquo;habiTED</span></strong> : développer les outils d&rsquo;accompagnement, les stratégies éducatives pour en faire une « école de l&rsquo;autonomie » susceptible d&rsquo;être dupliquée sur d&rsquo;autres sites, faciliter l&rsquo;accès aux loisirs et à la vie sociale, favoriser l&rsquo;insertion professionnelle sur leur bassin de vie, accueillir les familles pour les soutenir dans ce processus d&rsquo;autonomie ;</li>
</ul>
<ul>
<li style="text-align: justify;"><strong><span style="color: #3366ff;">Développer le dispositif sur l&rsquo;agglomération lilloise dans une logique de parcours</span></strong>, afin de répondre aux demandes en attente, de proposer une offre diversifiée, d&rsquo;adapter l&rsquo;offre aux différents profils, de créer du flux, de mettre en place une logique de parcours en lien avec les autres associations et éviter ainsi les ruptures ;</li>
</ul>
<ul>
<li style="text-align: justify;"><strong><span style="color: #3366ff;">Soutenir la mise en place et le développement de dispositifs similaires sur le territoire national</span> </strong>pour s&rsquo;assurer que les projets proposés soient respectueux des intérêts et des profils des adultes avec autismes. L&rsquo;expertise développée sur le site de Roncq pourra ainsi profiter aux autres partenaires intéressés.</li>
</ul>

<p>Projet associatif I.S.R.A.A (2020-2025) : Développer l’habitat inclusif pour adultes avec autisme : HabiTED Adapter l’accompagnement à domicile pour une réponse pertinente : Ted@Dom Soutenir l’accès à l’emploi pour mieux favoriser l’inclusion sociale Favoriser l’accès au numérique Créer des moments d’écoute active, d’échanges et de partages d’expérience &nbsp; CONCLUSION Ces 5 axes, présentés par commodité de façon&hellip; <br /> <a class="read-more" href="https://asso-israa.fr/maquettes/mqtE/lassociation-israa/notre-projet-associatif-2020-2025/">Lire la suite</a></p>
