{"id":809,"date":"2016-12-08T09:46:09","date_gmt":"2016-12-08T08:46:09","guid":{"rendered":"http:\/\/asso-israa.fr\/?page_id=809"},"modified":"2022-10-25T16:23:40","modified_gmt":"2022-10-25T14:23:40","slug":"la-gazette-dhabited","status":"publish","type":"page","link":"https:\/\/asso-israa.fr\/maquettes\/mqtE\/lhabitat-inclusif-habited\/documentation-habited\/la-gazette-dhabited\/","title":{"rendered":"La Gazette d&rsquo;HabiTED"},"content":{"rendered":"<p><strong>Pr\u00e9paration du premier num\u00e9ro de la Gazette :<\/strong><\/p>\n<p><em>(Vid\u00e9o r\u00e9alis\u00e9e \u00e0\u00a0l&rsquo;occasion de la journ\u00e9e internationale des personnes handicap\u00e9e, 3 d\u00e9cembre 2016, Ville de Roncq) <\/em><\/p>\n<p>[fildisi_video video_link=\u00a0\u00bbhttps:\/\/www.youtube.com\/watch?v=Zlblz4fW_oo\u00a0\u00bb]<\/p>\n<p>T\u00e9l\u00e9chargez-ici vos num\u00e9ros de la Gazette d&rsquo;HabiTED.<\/p>\n<p>&#8211;\u00a0<a href=\"http:\/\/asso-israa.fr\/maquettes\/mqtA\/wp-content\/uploads\/2016\/12\/Premier-numero-Octobre-Novembre-Decembre.pdf\">Premier num\u00e9ro Octobre-Novembre-D\u00e9cembre<\/a><\/p>\n<p>&#8211; <a href=\"http:\/\/asso-israa.fr\/second-numero-janv-fev-mars\/\">Second num\u00e9ro Janv-F\u00e9v-Mars<\/a><\/p>\n<p>&#8211;\u00a0<a href=\"http:\/\/asso-israa.fr\/gazette-3-version-2\/\">Troisi\u00e8me num\u00e9ro Avril-Mai-Juin<\/a><\/p>\n<p>&#8211;\u00a0<a href=\"http:\/\/asso-israa.fr\/gazette-4-version-4\/\">Quatri\u00e8me num\u00e9ro Gazette Juill.-Ao\u00fbt-Sept<\/a><\/p>\n","protected":false},"excerpt":{"rendered":"<p>Pr\u00e9paration du premier num\u00e9ro de la Gazette : (Vid\u00e9o r\u00e9alis\u00e9e \u00e0\u00a0l&rsquo;occasion de la journ\u00e9e internationale des personnes handicap\u00e9e, 3 d\u00e9cembre 2016, Ville de Roncq) [fildisi_video video_link=\u00a0\u00bbhttps:\/\/www.youtube.com\/watch?v=Zlblz4fW_oo\u00a0\u00bb] T\u00e9l\u00e9chargez-ici vos num\u00e9ros de la Gazette d&rsquo;HabiTED. &#8211;\u00a0Premier num\u00e9ro Octobre-Novembre-D\u00e9cembre &#8211; Second num\u00e9ro Janv-F\u00e9v-Mars &#8211;\u00a0Troisi\u00e8me num\u00e9ro Avril-Mai-Juin &#8211;\u00a0Quatri\u00e8me num\u00e9ro Gazette Juill.-Ao\u00fbt-Sept<\/p>\n","protected":false},"author":1,"featured_media":0,"parent":1821,"menu_order":5,"comment_status":"closed","ping_status":"closed","template":"page-templates\/page-with-right-sidebar.php","meta":{"_lmt_disableupdate":"no","_lmt_disable":"","footnotes":""},"categories":[],"tags":[],"class_list":["post-809","page","type-page","status-publish","hentry"],"_links":{"self":[{"href":"https:\/\/asso-israa.fr\/maquettes\/mqtE\/wp-json\/wp\/v2\/pages\/809","targetHints":{"allow":["GET"]}}],"collection":[{"href":"https:\/\/asso-israa.fr\/maquettes\/mqtE\/wp-json\/wp\/v2\/pages"}],"about":[{"href":"https:\/\/asso-israa.fr\/maquettes\/mqtE\/wp-json\/wp\/v2\/types\/page"}],"author":[{"embeddable":true,"href":"https:\/\/asso-israa.fr\/maquettes\/mqtE\/wp-json\/wp\/v2\/users\/1"}],"replies":[{"embeddable":true,"href":"https:\/\/asso-israa.fr\/maquettes\/mqtE\/wp-json\/wp\/v2\/comments?post=809"}],"version-history":[{"count":0,"href":"https:\/\/asso-israa.fr\/maquettes\/mqtE\/wp-json\/wp\/v2\/pages\/809\/revisions"}],"up":[{"embeddable":true,"href":"https:\/\/asso-israa.fr\/maquettes\/mqtE\/wp-json\/wp\/v2\/pages\/1821"}],"wp:attachment":[{"href":"https:\/\/asso-israa.fr\/maquettes\/mqtE\/wp-json\/wp\/v2\/media?parent=809"}],"wp:term":[{"taxonomy":"category","embeddable":true,"href":"https:\/\/asso-israa.fr\/maquettes\/mqtE\/wp-json\/wp\/v2\/categories?post=809"},{"taxonomy":"post_tag","embeddable":true,"href":"https:\/\/asso-israa.fr\/maquettes\/mqtE\/wp-json\/wp\/v2\/tags?post=809"}],"curies":[{"name":"wp","href":"https:\/\/api.w.org\/{rel}","templated":true}]}}