{"id":1524,"date":"2022-08-23T18:21:04","date_gmt":"2022-08-23T16:21:04","guid":{"rendered":"http:\/\/asso-israa.fr\/maquettes\/mqtA\/?page_id=1524"},"modified":"2023-04-23T15:42:43","modified_gmt":"2023-04-23T13:42:43","slug":"gouvernance","status":"publish","type":"page","link":"https:\/\/asso-israa.fr\/maquettes\/mqtF\/lassociation-israa\/gouvernance\/","title":{"rendered":"Gouvernance"},"content":{"rendered":"<h3>LISTE DU CONSEIL D&rsquo;ADMINISTRATION &#8211; ISRAA<\/h3>\n<h4>MISE A JOUR C.A constitutif suite \u00e0 l&rsquo;AG du 22 mars 2023<\/h4>\n<p>Par respect des statuts, tout nouveau candidat au Conseil d&rsquo;Administration doit effectuer<br \/>\nune ann\u00e9e en tant qu&rsquo;auditeur<\/p>\n<ul>\n<li><strong>BAUDRIN<\/strong> St\u00e9phanie &#8211; <em>Administratrice<\/em><\/li>\n<li><strong>BELLORGET<\/strong> Florence &#8211; <em>Administratrice<\/em><\/li>\n<li><strong>DETREZ<\/strong> Marie Claude &#8211; <em>Pr\u00e9sidente<\/em><\/li>\n<li><strong>DEWEZ<\/strong> St\u00e9phane &#8211; <em>Secr\u00e9taire<\/em><\/li>\n<li><strong>DUHAMEL<\/strong> Patricia &#8211; <em>Tr\u00e9sori\u00e8re\u00a0adjointe<\/em><\/li>\n<li><strong>DUPUIS<\/strong> Laurence &#8211; <em>Auditrice<\/em><\/li>\n<li><strong>HEAULME<\/strong>\u00a0 Daphn\u00e9 &#8211; <em>Administratrice<\/em><\/li>\n<li><strong>SION<\/strong> Danielle &#8211; <em>Administratrice<\/em><\/li>\n<li><strong>TERNEL<\/strong> Val\u00e9rie &#8211;<em> Administratrice<\/em><\/li>\n<li><strong>TESTARD<\/strong> Isabelle &#8211; <em>Auditrice<\/em><\/li>\n<li><strong>VANDEWEEGHE<\/strong> Luc &#8211; <em>Tr\u00e9sorier<\/em><\/li>\n<li><strong>WROBEL<\/strong> Isabelle &#8211; <em>Secr\u00e9taire adjointe<\/em><\/li>\n<\/ul>\n<p>&nbsp;<\/p>\n<p>&nbsp;<\/p>\n<p>&nbsp;<\/p>\n<p>&nbsp;<\/p>\n<p>jeudi, mars 30, 2023<\/p>\n","protected":false},"excerpt":{"rendered":"<p>LISTE DU CONSEIL D&rsquo;ADMINISTRATION &#8211; ISRAA MISE A JOUR C.A constitutif suite \u00e0 l&rsquo;AG du 22 mars 2023 Par respect des statuts, tout nouveau candidat au Conseil d&rsquo;Administration doit effectuer une ann\u00e9e en tant qu&rsquo;auditeur BAUDRIN St\u00e9phanie &#8211; Administratrice BELLORGET Florence &#8211; Administratrice DETREZ Marie Claude &#8211; Pr\u00e9sidente DEWEZ St\u00e9phane &#8211; Secr\u00e9taire DUHAMEL Patricia &#8211;&hellip; <br \/> <a class=\"read-more\" href=\"https:\/\/asso-israa.fr\/maquettes\/mqtF\/lassociation-israa\/gouvernance\/\">Lire la suite<\/a><\/p>\n","protected":false},"author":1,"featured_media":0,"parent":1478,"menu_order":3,"comment_status":"closed","ping_status":"closed","template":"page-templates\/page-with-right-sidebar.php","meta":{"_lmt_disableupdate":"no","_lmt_disable":"","footnotes":""},"categories":[],"tags":[],"class_list":["post-1524","page","type-page","status-publish","hentry"],"_links":{"self":[{"href":"https:\/\/asso-israa.fr\/maquettes\/mqtF\/wp-json\/wp\/v2\/pages\/1524","targetHints":{"allow":["GET"]}}],"collection":[{"href":"https:\/\/asso-israa.fr\/maquettes\/mqtF\/wp-json\/wp\/v2\/pages"}],"about":[{"href":"https:\/\/asso-israa.fr\/maquettes\/mqtF\/wp-json\/wp\/v2\/types\/page"}],"author":[{"embeddable":true,"href":"https:\/\/asso-israa.fr\/maquettes\/mqtF\/wp-json\/wp\/v2\/users\/1"}],"replies":[{"embeddable":true,"href":"https:\/\/asso-israa.fr\/maquettes\/mqtF\/wp-json\/wp\/v2\/comments?post=1524"}],"version-history":[{"count":2,"href":"https:\/\/asso-israa.fr\/maquettes\/mqtF\/wp-json\/wp\/v2\/pages\/1524\/revisions"}],"predecessor-version":[{"id":3158,"href":"https:\/\/asso-israa.fr\/maquettes\/mqtF\/wp-json\/wp\/v2\/pages\/1524\/revisions\/3158"}],"up":[{"embeddable":true,"href":"https:\/\/asso-israa.fr\/maquettes\/mqtF\/wp-json\/wp\/v2\/pages\/1478"}],"wp:attachment":[{"href":"https:\/\/asso-israa.fr\/maquettes\/mqtF\/wp-json\/wp\/v2\/media?parent=1524"}],"wp:term":[{"taxonomy":"category","embeddable":true,"href":"https:\/\/asso-israa.fr\/maquettes\/mqtF\/wp-json\/wp\/v2\/categories?post=1524"},{"taxonomy":"post_tag","embeddable":true,"href":"https:\/\/asso-israa.fr\/maquettes\/mqtF\/wp-json\/wp\/v2\/tags?post=1524"}],"curies":[{"name":"wp","href":"https:\/\/api.w.org\/{rel}","templated":true}]}}