{"id":1584,"date":"2022-08-23T18:51:07","date_gmt":"2022-08-23T16:51:07","guid":{"rendered":"http:\/\/asso-israa.fr\/maquettes\/mqtA\/?page_id=1584"},"modified":"2023-05-31T16:22:46","modified_gmt":"2023-05-31T14:22:46","slug":"les-dons","status":"publish","type":"page","link":"https:\/\/asso-israa.fr\/maquettes\/mqtF\/nous-aider\/les-dons\/","title":{"rendered":"Les dons"},"content":{"rendered":"<p>Faire un don \u00e0 l&rsquo;association ISRAA, c&rsquo;est:<\/p>\n<ul>\n<li>Participer au d\u00e9veloppement des habitats inclusifs d\u00e9di\u00e9s.<\/li>\n<li>Permettre au service support de s&rsquo;\u00e9quiper de syst\u00e8mes d&rsquo;information et de communication performants et s\u00e9curis\u00e9s.<\/li>\n<li>Financer plus de temps d&rsquo;\u00e9change, de pratique et de formation aux intervenants \u00e0 domicile.<\/li>\n<\/ul>\n<p>&nbsp;<\/p>\n<p><a href=\"http:\/\/asso-israa.fr\/maquettes\/mqtF\/wp-content\/uploads\/2023\/01\/ISRAA-bulletin-dadhesion-par-cheque.pdf\">Je fais un don par ch\u00e8que.<\/a><\/p>\n<p><a href=\"http:\/\/www.helloasso.com\/associations\/association-israa-innover-sensibiliser-reagir-pour-l-avenir-des-personnes-autistes\">Je fais un don par virement.<\/a><\/p>\n<p>&nbsp;<\/p>\n<p>I.S.R.A.A. est une association reconnue d&rsquo;int\u00e9r\u00eat g\u00e9n\u00e9ral.<\/p>\n<p>Nous sommes autoris\u00e9s \u00e0 fournir le justificatif fiscal pour chaque don et adh\u00e9sion.<\/p>\n","protected":false},"excerpt":{"rendered":"<p>Faire un don \u00e0 l&rsquo;association ISRAA, c&rsquo;est: Participer au d\u00e9veloppement des habitats inclusifs d\u00e9di\u00e9s. Permettre au service support de s&rsquo;\u00e9quiper de syst\u00e8mes d&rsquo;information et de communication performants et s\u00e9curis\u00e9s. Financer plus de temps d&rsquo;\u00e9change, de pratique et de formation aux intervenants \u00e0 domicile. &nbsp; Je fais un don par ch\u00e8que. Je fais un don par&hellip; <br \/> <a class=\"read-more\" href=\"https:\/\/asso-israa.fr\/maquettes\/mqtF\/nous-aider\/les-dons\/\">Lire la suite<\/a><\/p>\n","protected":false},"author":1,"featured_media":0,"parent":1581,"menu_order":0,"comment_status":"closed","ping_status":"closed","template":"page-templates\/page-with-right-sidebar.php","meta":{"_lmt_disableupdate":"no","_lmt_disable":"","footnotes":""},"categories":[],"tags":[],"class_list":["post-1584","page","type-page","status-publish","hentry"],"_links":{"self":[{"href":"https:\/\/asso-israa.fr\/maquettes\/mqtF\/wp-json\/wp\/v2\/pages\/1584","targetHints":{"allow":["GET"]}}],"collection":[{"href":"https:\/\/asso-israa.fr\/maquettes\/mqtF\/wp-json\/wp\/v2\/pages"}],"about":[{"href":"https:\/\/asso-israa.fr\/maquettes\/mqtF\/wp-json\/wp\/v2\/types\/page"}],"author":[{"embeddable":true,"href":"https:\/\/asso-israa.fr\/maquettes\/mqtF\/wp-json\/wp\/v2\/users\/1"}],"replies":[{"embeddable":true,"href":"https:\/\/asso-israa.fr\/maquettes\/mqtF\/wp-json\/wp\/v2\/comments?post=1584"}],"version-history":[{"count":5,"href":"https:\/\/asso-israa.fr\/maquettes\/mqtF\/wp-json\/wp\/v2\/pages\/1584\/revisions"}],"predecessor-version":[{"id":3206,"href":"https:\/\/asso-israa.fr\/maquettes\/mqtF\/wp-json\/wp\/v2\/pages\/1584\/revisions\/3206"}],"up":[{"embeddable":true,"href":"https:\/\/asso-israa.fr\/maquettes\/mqtF\/wp-json\/wp\/v2\/pages\/1581"}],"wp:attachment":[{"href":"https:\/\/asso-israa.fr\/maquettes\/mqtF\/wp-json\/wp\/v2\/media?parent=1584"}],"wp:term":[{"taxonomy":"category","embeddable":true,"href":"https:\/\/asso-israa.fr\/maquettes\/mqtF\/wp-json\/wp\/v2\/categories?post=1584"},{"taxonomy":"post_tag","embeddable":true,"href":"https:\/\/asso-israa.fr\/maquettes\/mqtF\/wp-json\/wp\/v2\/tags?post=1584"}],"curies":[{"name":"wp","href":"https:\/\/api.w.org\/{rel}","templated":true}]}}