{"id":1723,"date":"2022-08-19T09:13:21","date_gmt":"2022-08-19T07:13:21","guid":{"rendered":"http:\/\/asso-israa.fr\/maquettes\/mqtA\/?page_id=1410"},"modified":"2022-12-06T09:30:18","modified_gmt":"2022-12-06T08:30:18","slug":"conditions-generales-dutilisation","status":"publish","type":"page","link":"https:\/\/asso-israa.fr\/maquettes\/mqtF\/conditions-generales-dutilisation\/","title":{"rendered":"Conditions g\u00e9n\u00e9rales d&rsquo;utilisation"},"content":{"rendered":"<div id=\"outerContainer\">\n<div id=\"sidebarContainer\">\n<div id=\"toolbarSidebar\">\n<div id=\"toolbarSidebarLeft\">\n<div id=\"sidebarViewButtons\" class=\"splitToolbarButton toggled\" role=\"radiogroup\"><\/div>\n<\/div>\n<\/div>\n<\/div>\n<\/div>\n<div id=\"toolbarSidebar\">\n<div id=\"toolbarSidebarRight\"><\/div>\n<\/div>\n<div id=\"sidebarContent\"><\/div>\n<div id=\"sidebarContainer\">\n<div id=\"sidebarContent\"><\/div>\n<div id=\"sidebarResizer\"><\/div>\n<\/div>\n<div id=\"mainContainer\">\n<div class=\"toolbar\">\n<div id=\"toolbarContainer\">\n<div id=\"toolbarViewer\">\n<div id=\"toolbarViewerLeft\"><\/div>\n<\/div>\n<\/div>\n<\/div>\n<\/div>\n<div class=\"toolbarButtonSpacer\"><\/div>\n<div class=\"splitToolbarButton hiddenSmallView\"><\/div>\n<div class=\"splitToolbarButtonSeparator\"><\/div>\n<p><input id=\"pageNumber\" class=\"toolbarField\" tabindex=\"15\" title=\"Page\" autocomplete=\"off\" max=\"4\" min=\"1\" size=\"4\" type=\"number\" value=\"1\" data-l10n-id=\"page\" \/><\/p>\n<div id=\"toolbarViewerRight\"><\/div>\n<div class=\"verticalToolbarSeparator hiddenSmallView\"><\/div>\n<div id=\"toolbarViewerMiddle\">\n<div class=\"splitToolbarButton\"><\/div>\n<\/div>\n<div class=\"splitToolbarButtonSeparator\"><\/div>\n<div class=\"toolbar\">\n<div id=\"toolbarContainer\"><\/div>\n<\/div>\n<div id=\"viewerContainer\" tabindex=\"0\">\n<div id=\"viewer\" class=\"pdfViewer\" lang=\"fr-FR\">\n<div class=\"page\" role=\"region\" data-page-number=\"1\" aria-label=\"Page 1\" data-loaded=\"true\">\n<div class=\"canvasWrapper\"><\/div>\n<\/div>\n<\/div>\n<\/div>\n<p><span dir=\"ltr\" role=\"presentation\">Conditions g\u00e9n\u00e9rales d&rsquo;utilisation<\/span><br role=\"presentation\" \/><span dir=\"ltr\" role=\"presentation\">En vigueur au 01\/09\/2022<\/span><br role=\"presentation\" \/><span dir=\"ltr\" role=\"presentation\">Les pr\u00e9sentes conditions g\u00e9n\u00e9rales d&rsquo;utilisation (dites \u00ab<\/span> <span dir=\"ltr\" role=\"presentation\">CGU<\/span> <span dir=\"ltr\" role=\"presentation\">\u00bb) ont pour objet l&rsquo;encadrement juridique<\/span><br role=\"presentation\" \/><span dir=\"ltr\" role=\"presentation\">des modalit\u00e9s de mise \u00e0 disposition du site et des services par ISRAA et de d\u00e9finir les conditions<\/span><br role=\"presentation\" \/><span dir=\"ltr\" role=\"presentation\">d\u2019acc\u00e8s et d\u2019utilisation des services par \u00ab<\/span> <span dir=\"ltr\" role=\"presentation\">l&rsquo;Utilisateur<\/span> <span dir=\"ltr\" role=\"presentation\">\u00bb.<\/span><br role=\"presentation\" \/><span dir=\"ltr\" role=\"presentation\">Les pr\u00e9sentes CGU sont accessibles sur le site \u00e0 la rubrique \u00ab<\/span><span dir=\"ltr\" role=\"presentation\">CGU<\/span><span dir=\"ltr\" role=\"presentation\">\u00bb.<\/span><br role=\"presentation\" \/><span dir=\"ltr\" role=\"presentation\">Toute inscription ou utilisation du site implique l&rsquo;acceptation sans aucune r\u00e9serve ni restriction des<\/span><br role=\"presentation\" \/><span dir=\"ltr\" role=\"presentation\">pr\u00e9sentes CGU par l\u2019utilisateur. Lors de l&rsquo;inscription sur le site via le Formulaire d\u2019inscription, chaque<\/span><br role=\"presentation\" \/><span dir=\"ltr\" role=\"presentation\">utilisateur accepte express\u00e9ment les pr\u00e9sentes CGU en cochant la case pr\u00e9c\u00e9dant le texte suivant : \u00ab<\/span><br role=\"presentation\" \/><span dir=\"ltr\" role=\"presentation\">Je reconnais avoir lu et compris les CGU et je les accepte \u00bb.<\/span><br role=\"presentation\" \/><span dir=\"ltr\" role=\"presentation\">En cas de non-acceptation des CGU stipul\u00e9es dans le pr\u00e9sent contrat, l&rsquo;Utilisateur se doit de renoncer<\/span><br role=\"presentation\" \/><span dir=\"ltr\" role=\"presentation\">\u00e0 l&rsquo;acc\u00e8s des services propos\u00e9s par le site.<\/span><br role=\"presentation\" \/><span dir=\"ltr\" role=\"presentation\">https:\/\/asso-israa.fr\/maquettes\/mqtA\/ se r\u00e9serve le droit de modifier unilat\u00e9ralement et \u00e0 tout moment<\/span><br role=\"presentation\" \/><span dir=\"ltr\" role=\"presentation\">le contenu des pr\u00e9sentes CGU.<\/span><br role=\"presentation\" \/><span dir=\"ltr\" role=\"presentation\">Article 1 : Les mentions l\u00e9gales<\/span><br role=\"presentation\" \/><span dir=\"ltr\" role=\"presentation\">L&rsquo;\u00e9dition du site https:\/\/asso-israa.fr\/maquettes\/mqtA\/ est assur\u00e9e par la Soci\u00e9t\u00e9 Association loi 1901<\/span><br role=\"presentation\" \/><span dir=\"ltr\" role=\"presentation\">ISRAA au capital de _______________ euros, immatricul\u00e9e au RCS de _______________ sous le<\/span><br role=\"presentation\" \/><span dir=\"ltr\" role=\"presentation\">num\u00e9ro _______________, dont le si\u00e8ge social est situ\u00e9 au si\u00e8ge social<\/span><br role=\"presentation\" \/><span dir=\"ltr\" role=\"presentation\">Num\u00e9ro de t\u00e9l\u00e9phone t\u00e9l\u00e9phone<\/span><br role=\"presentation\" \/><span dir=\"ltr\" role=\"presentation\">Adresse e-mail : contact@asso-israa.fr.<\/span><br role=\"presentation\" \/><span dir=\"ltr\" role=\"presentation\">Le Directeur de la publication est : Marie Claude DETREZ<\/span><br role=\"presentation\" \/><span dir=\"ltr\" role=\"presentation\">L&rsquo;h\u00e9bergeur du site https:\/\/asso-israa.fr\/maquettes\/mqtA\/ est la soci\u00e9t\u00e9 OVH, dont le si\u00e8ge social est<\/span><br role=\"presentation\" \/><span dir=\"ltr\" role=\"presentation\">situ\u00e9 au 2, rue Kellermann, 59100 Roubaix. , avec le num\u00e9ro de t\u00e9l\u00e9phone : 10 07.<\/span><br role=\"presentation\" \/><span dir=\"ltr\" role=\"presentation\">ARTICLE 2 : Acc\u00e8s au site<\/span><br role=\"presentation\" \/><span dir=\"ltr\" role=\"presentation\">Le site https:\/\/asso-israa.fr\/maquettes\/mqtA\/ permet \u00e0 l&rsquo;Utilisateur un acc\u00e8s gratuit aux services<\/span><br role=\"presentation\" \/><span dir=\"ltr\" role=\"presentation\">suivants :<\/span><br role=\"presentation\" \/><span dir=\"ltr\" role=\"presentation\">Le site internet propose les services suivants :<\/span><br role=\"presentation\" \/><span dir=\"ltr\" role=\"presentation\">Services du siye internet<\/span><br role=\"presentation\" \/><span dir=\"ltr\" role=\"presentation\">Le site est accessible gratuitement en tout lieu \u00e0 tout Utilisateur ayant un acc\u00e8s \u00e0 Internet. Tous les<\/span><br role=\"presentation\" \/><span dir=\"ltr\" role=\"presentation\">frais support\u00e9s par l&rsquo;Utilisateur pour acc\u00e9der au service (mat\u00e9riel informatique, logiciels, connexion<\/span><br role=\"presentation\" \/><span dir=\"ltr\" role=\"presentation\">Internet, etc.) sont \u00e0 sa charge.<\/span><br role=\"presentation\" \/><span dir=\"ltr\" role=\"presentation\">L\u2019Utilisateur non membre n&rsquo;a pas acc\u00e8s aux services r\u00e9serv\u00e9s. Pour cela, il doit s\u2019inscrire en<\/span><br role=\"presentation\" \/><span dir=\"ltr\" role=\"presentation\">remplissant le formulaire. En acceptant de s\u2019inscrire aux services r\u00e9serv\u00e9s, l\u2019Utilisateur membre<\/span><br role=\"presentation\" \/><span dir=\"ltr\" role=\"presentation\">1<\/span><\/p>\n<div class=\"canvasWrapper\"><\/div>\n<p><span dir=\"ltr\" role=\"presentation\">s\u2019engage \u00e0 fournir des informations sinc\u00e8res et exactes concernant son \u00e9tat civil et ses coordonn\u00e9es,<\/span><br role=\"presentation\" \/><span dir=\"ltr\" role=\"presentation\">notamment son adresse email.<\/span><br role=\"presentation\" \/><span dir=\"ltr\" role=\"presentation\">Pour acc\u00e9der aux services, l\u2019Utilisateur doit ensuite s&rsquo;identifier \u00e0 l&rsquo;aide de son identifiant et de son mot<\/span><br role=\"presentation\" \/><span dir=\"ltr\" role=\"presentation\">de passe qui lui seront communiqu\u00e9s apr\u00e8s son inscription.<\/span><br role=\"presentation\" \/><span dir=\"ltr\" role=\"presentation\">Tout Utilisateur membre r\u00e9guli\u00e8rement inscrit pourra \u00e9galement solliciter sa d\u00e9sinscription en se<\/span><br role=\"presentation\" \/><span dir=\"ltr\" role=\"presentation\">rendant \u00e0 la page d\u00e9di\u00e9e sur son espace personnel. Celle-ci sera effective dans un d\u00e9lai raisonnable.<\/span><br role=\"presentation\" \/><span dir=\"ltr\" role=\"presentation\">Tout \u00e9v\u00e9nement d\u00fb \u00e0 un cas de force majeure ayant pour cons\u00e9quence un dysfonctionnement du site<\/span><br role=\"presentation\" \/><span dir=\"ltr\" role=\"presentation\">ou serveur et sous r\u00e9serve de toute interruption ou modification en cas de maintenance, n&rsquo;engage pas<\/span><br role=\"presentation\" \/><span dir=\"ltr\" role=\"presentation\">la responsabilit\u00e9 de https:\/\/asso-israa.fr\/maquettes\/mqtA\/. Dans ces cas, l\u2019Utilisateur accepte ainsi ne<\/span><br role=\"presentation\" \/><span dir=\"ltr\" role=\"presentation\">pas tenir rigueur \u00e0 l\u2019\u00e9diteur de toute interruption ou suspension de service, m\u00eame sans pr\u00e9avis.<\/span><br role=\"presentation\" \/><span dir=\"ltr\" role=\"presentation\">L&rsquo;Utilisateur a la possibilit\u00e9 de contacter le site par messagerie \u00e9lectronique \u00e0 l\u2019adresse email de<\/span><br role=\"presentation\" \/><span dir=\"ltr\" role=\"presentation\">l\u2019\u00e9diteur communiqu\u00e9 \u00e0 l\u2019ARTICLE 1.<\/span><br role=\"presentation\" \/><span dir=\"ltr\" role=\"presentation\">ARTICLE 3 : Collecte des donn\u00e9es<\/span><br role=\"presentation\" \/><span dir=\"ltr\" role=\"presentation\">Le site assure \u00e0 l&rsquo;Utilisateur une collecte et un traitement d&rsquo;informations personnelles dans le respect<\/span><br role=\"presentation\" \/><span dir=\"ltr\" role=\"presentation\">de la vie priv\u00e9e conform\u00e9ment \u00e0 la loi n\u00b078-17 du 6 janvier 1978 relative \u00e0 l&rsquo;informatique, aux fichiers<\/span><br role=\"presentation\" \/><span dir=\"ltr\" role=\"presentation\">et aux libert\u00e9s. Le site est d\u00e9clar\u00e9 \u00e0 la CNIL sous le num\u00e9ro _______________.<\/span><br role=\"presentation\" \/><span dir=\"ltr\" role=\"presentation\">En vertu de la loi Informatique et Libert\u00e9s, en date du 6 janvier 1978, l&rsquo;Utilisateur dispose d&rsquo;un droit<\/span><br role=\"presentation\" \/><span dir=\"ltr\" role=\"presentation\">d&rsquo;acc\u00e8s, de rectification, de suppression et d&rsquo;opposition de ses donn\u00e9es personnelles. L&rsquo;Utilisateur<\/span><br role=\"presentation\" \/><span dir=\"ltr\" role=\"presentation\">exerce ce droit :<\/span><br role=\"presentation\" \/><span dir=\"ltr\" role=\"presentation\">\u00b7<\/span> <span dir=\"ltr\" role=\"presentation\">par mail \u00e0 l&rsquo;adresse email webmestre@asso-israa.fr<\/span><br role=\"presentation\" \/><span dir=\"ltr\" role=\"presentation\">ARTICLE 4 : Propri\u00e9t\u00e9 intellectuelle<\/span><br role=\"presentation\" \/><span dir=\"ltr\" role=\"presentation\">Les marques, logos, signes ainsi que tous les contenus du site (textes, images, son&#8230;) font l&rsquo;objet<\/span><br role=\"presentation\" \/><span dir=\"ltr\" role=\"presentation\">d&rsquo;une protection par le Code de la propri\u00e9t\u00e9 intellectuelle et plus particuli\u00e8rement par le droit d&rsquo;auteur.<\/span><br role=\"presentation\" \/><span dir=\"ltr\" role=\"presentation\">La marque ISRAA est une marque d\u00e9pos\u00e9e par ISRAA.Toute repr\u00e9sentation et\/ou reproduction et\/ou<\/span><br role=\"presentation\" \/><span dir=\"ltr\" role=\"presentation\">exploitation partielle ou totale de cette marque, de quelque nature que ce soit, est totalement<\/span><br role=\"presentation\" \/><span dir=\"ltr\" role=\"presentation\">prohib\u00e9e.<\/span><br role=\"presentation\" \/><span dir=\"ltr\" role=\"presentation\">L&rsquo;Utilisateur doit solliciter l&rsquo;autorisation pr\u00e9alable du site pour toute reproduction, publication, copie des<\/span><br role=\"presentation\" \/><span dir=\"ltr\" role=\"presentation\">diff\u00e9rents contenus. Il s&rsquo;engage \u00e0 une utilisation des contenus du site dans un cadre strictement priv\u00e9,<\/span><br role=\"presentation\" \/><span dir=\"ltr\" role=\"presentation\">toute utilisation \u00e0 des fins commerciales et publicitaires est strictement interdite.<\/span><br role=\"presentation\" \/><span dir=\"ltr\" role=\"presentation\">Toute repr\u00e9sentation totale ou partielle de ce site par quelque proc\u00e9d\u00e9 que ce soit, sans l\u2019autorisation<\/span><br role=\"presentation\" \/><span dir=\"ltr\" role=\"presentation\">expresse de l\u2019exploitant du site Internet constituerait une contrefa\u00e7on sanctionn\u00e9e par l\u2019article L 335-2<\/span><br role=\"presentation\" \/><span dir=\"ltr\" role=\"presentation\">et suivants du Code de la propri\u00e9t\u00e9 intellectuelle.<\/span><br role=\"presentation\" \/><span dir=\"ltr\" role=\"presentation\">Il est rappel\u00e9 conform\u00e9ment \u00e0 l\u2019article L122-5 du Code de propri\u00e9t\u00e9 intellectuelle que l\u2019Utilisateur qui<\/span><br role=\"presentation\" \/><span dir=\"ltr\" role=\"presentation\">reproduit, copie ou publie le contenu prot\u00e9g\u00e9 doit citer l\u2019auteur et sa source.<\/span><br role=\"presentation\" \/><span dir=\"ltr\" role=\"presentation\">ARTICLE 5 : Responsabilit\u00e9<\/span><br role=\"presentation\" \/><span dir=\"ltr\" role=\"presentation\">2<\/span><\/p>\n<div class=\"canvasWrapper\"><\/div>\n<p><span dir=\"ltr\" role=\"presentation\">Les sources des informations diffus\u00e9es sur le site https:\/\/asso-israa.fr\/maquettes\/mqtA\/ sont r\u00e9put\u00e9es<\/span><br role=\"presentation\" \/><span dir=\"ltr\" role=\"presentation\">fiables mais le site ne garantit pas qu\u2019il soit exempt de d\u00e9fauts, d\u2019erreurs ou d\u2019omissions.<\/span><br role=\"presentation\" \/><span dir=\"ltr\" role=\"presentation\">Les informations communiqu\u00e9es sont pr\u00e9sent\u00e9es \u00e0 titre indicatif et g\u00e9n\u00e9ral sans valeur contractuelle.<\/span><br role=\"presentation\" \/><span dir=\"ltr\" role=\"presentation\">Malgr\u00e9 des mises \u00e0 jour r\u00e9guli\u00e8res, le site https:\/\/asso-israa.fr\/maquettes\/mqtA\/ ne peut \u00eatre tenu<\/span><br role=\"presentation\" \/><span dir=\"ltr\" role=\"presentation\">responsable de la modification des dispositions administratives et juridiques survenant apr\u00e8s la<\/span><br role=\"presentation\" \/><span dir=\"ltr\" role=\"presentation\">publication. De m\u00eame, le site ne peut \u00eatre tenue responsable de l\u2019utilisation et de l\u2019interpr\u00e9tation de<\/span><br role=\"presentation\" \/><span dir=\"ltr\" role=\"presentation\">l\u2019information contenue dans ce site.<\/span><br role=\"presentation\" \/><span dir=\"ltr\" role=\"presentation\">L&rsquo;Utilisateur s&rsquo;assure de garder son mot de passe secret. Toute divulgation du mot de passe, quelle<\/span><br role=\"presentation\" \/><span dir=\"ltr\" role=\"presentation\">que soit sa forme, est interdite. Il assume les risques li\u00e9s \u00e0 l&rsquo;utilisation de son identifiant et mot de<\/span><br role=\"presentation\" \/><span dir=\"ltr\" role=\"presentation\">passe. Le site d\u00e9cline toute responsabilit\u00e9.<\/span><br role=\"presentation\" \/><span dir=\"ltr\" role=\"presentation\">Le site https:\/\/asso-israa.fr\/maquettes\/mqtA\/ ne peut \u00eatre tenu pour responsable d\u2019\u00e9ventuels virus qui<\/span><br role=\"presentation\" \/><span dir=\"ltr\" role=\"presentation\">pourraient infecter l\u2019ordinateur ou tout mat\u00e9riel informatique de l\u2019Internaute, suite \u00e0 une utilisation, \u00e0<\/span><br role=\"presentation\" \/><span dir=\"ltr\" role=\"presentation\">l\u2019acc\u00e8s, ou au t\u00e9l\u00e9chargement provenant de ce site.<\/span><br role=\"presentation\" \/><span dir=\"ltr\" role=\"presentation\">La responsabilit\u00e9 du site ne peut \u00eatre engag\u00e9e en cas de force majeure ou du fait impr\u00e9visible et<\/span><br role=\"presentation\" \/><span dir=\"ltr\" role=\"presentation\">insurmontable d&rsquo;un tiers.<\/span><br role=\"presentation\" \/><span dir=\"ltr\" role=\"presentation\">ARTICLE 6 : Liens hypertextes<\/span><br role=\"presentation\" \/><span dir=\"ltr\" role=\"presentation\">Des liens hypertextes peuvent \u00eatre pr\u00e9sents sur le site. L\u2019Utilisateur est inform\u00e9 qu\u2019en cliquant sur ces<\/span><br role=\"presentation\" \/><span dir=\"ltr\" role=\"presentation\">liens, il sortira du site https:\/\/asso-israa.fr\/maquettes\/mqtA\/. Ce dernier n\u2019a pas de contr\u00f4le sur les<\/span><br role=\"presentation\" \/><span dir=\"ltr\" role=\"presentation\">pages web sur lesquelles aboutissent ces liens et ne saurait, en aucun cas, \u00eatre responsable de leur<\/span><br role=\"presentation\" \/><span dir=\"ltr\" role=\"presentation\">contenu.<\/span><br role=\"presentation\" \/><span dir=\"ltr\" role=\"presentation\">ARTICLE 7 : Cookies<\/span><br role=\"presentation\" \/><span dir=\"ltr\" role=\"presentation\">L\u2019Utilisateur est inform\u00e9 que lors de ses visites sur le site, un cookie peut s\u2019installer automatiquement<\/span><br role=\"presentation\" \/><span dir=\"ltr\" role=\"presentation\">sur son logiciel de navigation.<\/span><br role=\"presentation\" \/><span dir=\"ltr\" role=\"presentation\">Les cookies sont de petits fichiers stock\u00e9s temporairement sur le disque dur de l\u2019ordinateur de<\/span><br role=\"presentation\" \/><span dir=\"ltr\" role=\"presentation\">l\u2019Utilisateur par votre navigateur et qui sont n\u00e9cessaires \u00e0 l\u2019utilisation du site<\/span><br role=\"presentation\" \/><span dir=\"ltr\" role=\"presentation\">https:\/\/asso-israa.fr\/maquettes\/mqtA\/. Les cookies ne contiennent pas d\u2019information personnelle et ne<\/span><br role=\"presentation\" \/><span dir=\"ltr\" role=\"presentation\">peuvent pas \u00eatre utilis\u00e9s pour identifier quelqu\u2019un. Un cookie contient un identifiant unique, g\u00e9n\u00e9r\u00e9<\/span><br role=\"presentation\" \/><span dir=\"ltr\" role=\"presentation\">al\u00e9atoirement et donc anonyme. Certains cookies expirent \u00e0 la fin de la visite de l\u2019Utilisateur, d\u2019autres<\/span><br role=\"presentation\" \/><span dir=\"ltr\" role=\"presentation\">restent.<\/span><br role=\"presentation\" \/><span dir=\"ltr\" role=\"presentation\">L\u2019information contenue dans les cookies est utilis\u00e9e pour am\u00e9liorer le site<\/span><br role=\"presentation\" \/><span dir=\"ltr\" role=\"presentation\">https:\/\/asso-israa.fr\/maquettes\/mqtA\/.<\/span><br role=\"presentation\" \/><span dir=\"ltr\" role=\"presentation\">En naviguant sur le site, L\u2019Utilisateur les accepte.<\/span><br role=\"presentation\" \/><span dir=\"ltr\" role=\"presentation\">L\u2019Utilisateur doit toutefois donner son consentement quant \u00e0 l\u2019utilisation de certains cookies.<\/span><br role=\"presentation\" \/><span dir=\"ltr\" role=\"presentation\">A d\u00e9faut d\u2019acceptation, l\u2019Utilisateur est inform\u00e9 que certaines fonctionnalit\u00e9s ou pages risquent de lui<\/span><br role=\"presentation\" \/><span dir=\"ltr\" role=\"presentation\">\u00eatre refus\u00e9es.<\/span><br role=\"presentation\" \/><span dir=\"ltr\" role=\"presentation\">L\u2019Utilisateur pourra d\u00e9sactiver ces cookies par l\u2019interm\u00e9diaire des param\u00e8tres figurant au sein de son<\/span><br role=\"presentation\" \/><span dir=\"ltr\" role=\"presentation\">logiciel de navigation.<\/span><br role=\"presentation\" \/><span dir=\"ltr\" role=\"presentation\">3<\/span><\/p>\n<div id=\"outerContainer\">\n<div id=\"mainContainer\">\n<div id=\"viewerContainer\" tabindex=\"0\">\n<div id=\"viewer\" class=\"pdfViewer\" lang=\"fr-FR\">\n<div class=\"page\" role=\"region\" data-page-number=\"4\" aria-label=\"Page 4\">\n<div class=\"loadingIcon notVisible\" role=\"img\" aria-label=\"Chargement\u2026\"><\/div>\n<\/div>\n<\/div>\n<\/div>\n<\/div>\n<div id=\"dialogContainer\"><\/div>\n<\/div>\n","protected":false},"excerpt":{"rendered":"<p>Conditions g\u00e9n\u00e9rales d&rsquo;utilisationEn vigueur au 01\/09\/2022Les pr\u00e9sentes conditions g\u00e9n\u00e9rales d&rsquo;utilisation (dites \u00ab CGU \u00bb) ont pour objet l&rsquo;encadrement juridiquedes modalit\u00e9s de mise \u00e0 disposition du site et des services par ISRAA et de d\u00e9finir les conditionsd\u2019acc\u00e8s et d\u2019utilisation des services par \u00ab l&rsquo;Utilisateur \u00bb.Les pr\u00e9sentes CGU sont accessibles sur le site \u00e0 la rubrique \u00abCGU\u00bb.Toute&hellip; <br \/> <a class=\"read-more\" href=\"https:\/\/asso-israa.fr\/maquettes\/mqtF\/conditions-generales-dutilisation\/\">Lire la suite<\/a><\/p>\n","protected":false},"author":1,"featured_media":0,"parent":0,"menu_order":0,"comment_status":"closed","ping_status":"closed","template":"","meta":{"_lmt_disableupdate":"no","_lmt_disable":"","footnotes":""},"categories":[],"tags":[],"class_list":["post-1723","page","type-page","status-publish","hentry"],"_links":{"self":[{"href":"https:\/\/asso-israa.fr\/maquettes\/mqtF\/wp-json\/wp\/v2\/pages\/1723","targetHints":{"allow":["GET"]}}],"collection":[{"href":"https:\/\/asso-israa.fr\/maquettes\/mqtF\/wp-json\/wp\/v2\/pages"}],"about":[{"href":"https:\/\/asso-israa.fr\/maquettes\/mqtF\/wp-json\/wp\/v2\/types\/page"}],"author":[{"embeddable":true,"href":"https:\/\/asso-israa.fr\/maquettes\/mqtF\/wp-json\/wp\/v2\/users\/1"}],"replies":[{"embeddable":true,"href":"https:\/\/asso-israa.fr\/maquettes\/mqtF\/wp-json\/wp\/v2\/comments?post=1723"}],"version-history":[{"count":1,"href":"https:\/\/asso-israa.fr\/maquettes\/mqtF\/wp-json\/wp\/v2\/pages\/1723\/revisions"}],"predecessor-version":[{"id":2918,"href":"https:\/\/asso-israa.fr\/maquettes\/mqtF\/wp-json\/wp\/v2\/pages\/1723\/revisions\/2918"}],"wp:attachment":[{"href":"https:\/\/asso-israa.fr\/maquettes\/mqtF\/wp-json\/wp\/v2\/media?parent=1723"}],"wp:term":[{"taxonomy":"category","embeddable":true,"href":"https:\/\/asso-israa.fr\/maquettes\/mqtF\/wp-json\/wp\/v2\/categories?post=1723"},{"taxonomy":"post_tag","embeddable":true,"href":"https:\/\/asso-israa.fr\/maquettes\/mqtF\/wp-json\/wp\/v2\/tags?post=1723"}],"curies":[{"name":"wp","href":"https:\/\/api.w.org\/{rel}","templated":true}]}}