{"id":1728,"date":"2022-08-23T18:32:17","date_gmt":"2022-08-23T16:32:17","guid":{"rendered":"http:\/\/asso-israa.fr\/maquettes\/mqtA\/?page_id=1549"},"modified":"2023-04-23T16:13:16","modified_gmt":"2023-04-23T14:13:16","slug":"contact-habited","status":"publish","type":"page","link":"https:\/\/asso-israa.fr\/maquettes\/mqtF\/le-service-a-domicile-teddom\/contact-habited\/","title":{"rendered":"Contact HabiTED"},"content":{"rendered":"<p>Pour contacter l&rsquo;\u00e9quipe HabiTED :<\/p>\n<p>T\u00e9l\u00e9phone : 06 20 19 94 30<\/p>\n<p>E-mail : asso.israa59<span class=\"atwho-query\">@gmail.com<\/span><\/p>\n","protected":false},"excerpt":{"rendered":"<p>Pour contacter l&rsquo;\u00e9quipe HabiTED : T\u00e9l\u00e9phone : 06 20 19 94 30 E-mail : asso.israa59@gmail.com<\/p>\n","protected":false},"author":1,"featured_media":0,"parent":1726,"menu_order":0,"comment_status":"closed","ping_status":"closed","template":"page-templates\/page-with-right-sidebar.php","meta":{"_lmt_disableupdate":"no","_lmt_disable":"","footnotes":""},"categories":[],"tags":[],"class_list":["post-1728","page","type-page","status-publish","hentry"],"_links":{"self":[{"href":"https:\/\/asso-israa.fr\/maquettes\/mqtF\/wp-json\/wp\/v2\/pages\/1728","targetHints":{"allow":["GET"]}}],"collection":[{"href":"https:\/\/asso-israa.fr\/maquettes\/mqtF\/wp-json\/wp\/v2\/pages"}],"about":[{"href":"https:\/\/asso-israa.fr\/maquettes\/mqtF\/wp-json\/wp\/v2\/types\/page"}],"author":[{"embeddable":true,"href":"https:\/\/asso-israa.fr\/maquettes\/mqtF\/wp-json\/wp\/v2\/users\/1"}],"replies":[{"embeddable":true,"href":"https:\/\/asso-israa.fr\/maquettes\/mqtF\/wp-json\/wp\/v2\/comments?post=1728"}],"version-history":[{"count":1,"href":"https:\/\/asso-israa.fr\/maquettes\/mqtF\/wp-json\/wp\/v2\/pages\/1728\/revisions"}],"predecessor-version":[{"id":3164,"href":"https:\/\/asso-israa.fr\/maquettes\/mqtF\/wp-json\/wp\/v2\/pages\/1728\/revisions\/3164"}],"up":[{"embeddable":true,"href":"https:\/\/asso-israa.fr\/maquettes\/mqtF\/wp-json\/wp\/v2\/pages\/1726"}],"wp:attachment":[{"href":"https:\/\/asso-israa.fr\/maquettes\/mqtF\/wp-json\/wp\/v2\/media?parent=1728"}],"wp:term":[{"taxonomy":"category","embeddable":true,"href":"https:\/\/asso-israa.fr\/maquettes\/mqtF\/wp-json\/wp\/v2\/categories?post=1728"},{"taxonomy":"post_tag","embeddable":true,"href":"https:\/\/asso-israa.fr\/maquettes\/mqtF\/wp-json\/wp\/v2\/tags?post=1728"}],"curies":[{"name":"wp","href":"https:\/\/api.w.org\/{rel}","templated":true}]}}